-6 - 6 - k + 8 + 6. What is p(6)?
-4
Let l(r) = -r**2 - 7*r - 1. Suppose 2*n - 12 = -8. Let m(f) = -5 + 5 + 1 - n. Let g(i) = l(i) - m(i). Give g(-6).
6
Let t be 350/49 - 1/7. Let g(s) be the first derivative of -t - s - 1/2*s**2. What is g(0)?
-1
Suppose 0 = 3*h + h - 16. Suppose 2*k - h = 6, o + 4*k - 28 = 0. Suppose -5*y = -o*y. Let z(b) = -b**3 + b**2 + b. Calculate z(y).
0
Let i(l) = -l**3 + 5. Let h = 1446 + -1444. What is i(h)?
-3
Let v(p) = 1972*p - 986*p - 983*p - 8. What is v(-6)?
-26
Let s(a) = -a - 3. Suppose -4*x + 11 = 4*b - 5, 12 = 3*b + 5*x. Let c be b - 9/(-3) - 3. Determine s(c).
-7
Let m be 41/3 - 2/3. Suppose w = -0*w - m. Let p = w - -14. Let b(v) = 4*v**2 + v - 1. What is b(p)?
4
Suppose -5*z = -3*z - 2. Let b be (-4 - -8) + 1*-4. Let k(w) = -2*w + 3*w + b*w. Give k(z).
1
Let c(n) be the third derivative of 1/60*n**5 - 1/4*n**4 + 0*n + 34*n**2 + 1/6*n**3 + 0. What is c(6)?
1
Let s(z) = -z**2 - 11*z - 21. Let k be s(-8). Let u(j) = -7*j**2 + 12*j. Let d(h) = 20*h**2 - 34*h. Let r(v) = 4*d(v) + 11*u(v). Determine r(k).
15
Let k(r) = 5 - 3*r + 3 - 6 + 4. Give k(7).
-15
Let p(s) be the third derivative of -s**4/24 - s**3/3 - s**2 + 211*s. Suppose -4*l = 2*f + f - 1, 5*f - 4*l + 41 = 0. Give p(f).
3
Let q(g) = -8 - 4*g + 8 - 1 - 2. Let u = -13 + 17. Determine q(u).
-19
Suppose 0 = 7*l - 4 + 46. Let u(q) = 15*q**3 - 10*q**2 - 9*q - 15. Let f(p) = -7*p**3 + 5*p**2 + 4*p + 7. Let b(t) = l*u(t) - 13*f(t). Calculate b(4).
-9
Let u(w) = -w. Let a(p) = -p**2 + 7*p + 3. Let j(g) = -a(g) - 2*u(g). Let z be (-51)/(-9) - (-4)/(-6). Determine j(z).
-3
Let i(v) = 6*v**2 - 3*v + 4. Let a(n) = -n**2 - 1. Let w(q) = -14*a(q) - 2*i(q). Let j(f) be the first derivative of w(f). Calculate j(-5).
-14
Let c = -29 - -32. Let y(a) = 4*a - 5 - 2*a - c*a + a**2. Give y(0).
-5
Let f(z) be the second derivative of -z**3/3 - 3*z**2/2 + 31*z. Give f(-3).
3
Let o(u) = -3*u + 13. Suppose 2*a - 3*m + 33 = 0, 5*m = -0*a - 5*a - 95. Let t be (a + 27)*2/2. Give o(t).
-14
Let c(n) = -n**2 - 4 - 7 + 8*n + 3. Let b = -31 + 51. Suppose -2*h + 2*g = -g - b, h = 2*g + 11. Calculate c(h).
-1
Let i(o) be the first derivative of -o**2/2 - 8*o - 576. Give i(-8).
0
Suppose 0 = -0*g + 51*g - 153. Let y(s) = 2*s**2 + s - 3. Give y(g).
18
Let h(q) = -q + 6. Let z be (-712)/16 - 3/2. Let i = z + 52. Give h(i).
0
Let s(x) = 8*x**2 + 2*x. Let k = 76 - 78. Determine s(k).
28
Let q(t) = -t + 3. Let h(j) = j**3 - 3*j**2 - 22*j + 60. Let f be h(3). Give q(f).
9
Let m = -373 - -369. Let y(v) = v**3 - v**2 - v. Let u be y(0). Let b(t) = -4 + u + 5 - 2 - 2*t. Calculate b(m).
7
Let q(j) = 2*j + 3*j**2 + 144 + 141 + 149 - 435. Let w(h) = -h**2 + 5*h + 1. Let l be w(5). Give q(l).
4
Let p = -382 - -388. Let v(l) = l**3 - 8*l**2 + 10*l - 9. Determine v(p).
-21
Let d(u) = -3*u - 1. Let f be d(2). Let x(t) be the third derivative of -t**6/120 - 7*t**5/60 - 5*t**3/3 + 2007*t**2. Calculate x(f).
-10
Let i(a) = a**3 - 2*a + 7. Let q be i(3). Suppose -q = 12*w + 32. Let x(k) = -k**3 - 4*k**2 + 7*k + 2. Give x(w).
-8
Let w(y) = -y**3 - 5*y**2 + y + 7. Let l(j) = 3*j**3 + 9*j**2 - 3*j - 13. Let m(d) = 2*l(d) + 5*w(d). Let c = -32707 - -32714. Calculate m(c).
2
Suppose 51 = -4*o + 35. Let p(b) = 3*b + 1. What is p(o)?
-11
Let s = 1812 + -1817. Let v(w) = 7*w**3 + 13*w**2 - 13*w + 3. Let m(o) = 11*o**3 + 20*o**2 - 20*o + 4. Let g(i) = -5*m(i) + 8*v(i). Calculate g(s).
-1
Let y(o) = -o**2 + 3*o. Let m be y(4). Let w(i) = 8*i + 4*i + 13*i - i**2 - 32*i. Give w(m).
12
Let w(o) = 7*o - 15. Let b(m) = 17*m - 30. Let n(h) = -3*b(h) + 7*w(h). Determine n(-10).
5
Let l(d) = d**3 - 4*d**2 + 2. Let s(f) = -f - 4. Let o be s(-7). Determine l(o).
-7
Let x(w) = 11*w - 73. Let r be x(7). Let c(v) be the second derivative of v**4/12 + v**3/3 - v**2 + 3*v. Determine c(r).
22
Suppose 2*g + 61 = 65. Let r(h) = -h**2 + 10*h**g - h + 0*h. What is r(1)?
8
Let w(y) = -4*y. Let f(x) = x**3 - 3*x**2 - 4. Let j be f(3). Let a be (-5 - j)*-4 + -2. Give w(a).
-8
Let p(o) = -5 - 5*o**2 + 2*o - 70*o**3 + 153*o**3 - 84*o**3. Calculate p(-6).
19
Let a(c) = 130*c**2 - 1 + 19 - 14*c - 129*c**2. Let f be a(13). Let o(h) = h**3 - 6*h**2 + 6*h - 1. What is o(f)?
4
Let o be (-26 - -22)*(-3)/4. Let h(c) = -o*c**2 + c**2 - 2*c**2 + 4*c + 29 - 28. What is h(3)?
-23
Let q = 119 + -179. Let s be (1/(5/(-4)))/(24/q). Let g(t) = t + 1. Let u(x) = 2*x**2 - 6*x - 2. Let a(n) = 4*g(n) + u(n). Give a(s).
6
Let c(q) = -50*q - 4. Let n be c(-1). Suppose 2*m + 2*m - 30 = d, -3*d = 5*m - n. Let g(v) = -v**2 + 9*v - 1. What is g(m)?
7
Suppose 2*g + 4*z + 8 = 2, -g = -2*z + 7. Let j(r) = -4*r - 17. Let u be j(g). Let q(c) = c + 1. Calculate q(u).
4
Let j(i) = i**3 - i**2 - 3*i + 4. Let t = 50 - 47. Calculate j(t).
13
Suppose 14*p = 7*p + 539. Let o(y) = 7*y - 76*y**3 + 6 + 6*y**2 + 3 + 2*y**2 + p*y**3. What is o(-7)?
9
Let b(m) = m**3 + 7*m**2 + 7*m + 5. Suppose 4*j + 6 = j, -2*x = 5*j + 22. Calculate b(x).
-1
Let v(c) = -c - c - c**2 - c. Let d = -87 + 98. Suppose -3*n = h + 13, -2*n - 2*h - d = -n. Calculate v(n).
0
Let y(u) = -u - 10. Suppose -10 = 4*a + 6, -k + 5*a + 13 = 0. Determine y(k).
-3
Let q(k) = -4*k + 46. Suppose -62*w = -64*w - 5*s + 39, s - 3 = 0. Calculate q(w).
-2
Let n(v) = 22*v - 14*v + 19*v + 26*v + 10*v. Calculate n(1).
63
Let i(u) = 2*u**3 - 2*u**2 - u. Let l be i(-1). Let x(t) = -15 - 2*t**3 - 4 - 5*t**2 - 3*t + t**3 + 5 + 11. What is x(l)?
-12
Suppose -o + 5*v - 21 = -2*o, 4*v = -5*o. Let y(x) = -33 - 171*x + x**2 + 173*x + 30. Determine y(o).
5
Let r(a) be the third derivative of -a**5/60 + a**4/6 - 10*a**2. Give r(4).
0
Let k be (3/(-6) + -1)*-2. Let m(i) = 4*i + 3 + 0*i + k*i - 5. Suppose -5*g - 14 = -4*f, -4*g + 2*f - 5 - 5 = 0. What is m(g)?
-16
Suppose -6 = 3*t - t, -4*q + t + 127 = 0. Let d = q + -35. Let y(n) = 1 - 2*n + 2*n + 2*n. What is y(d)?
-7
Let p(h) = -h**2 + 15*h + 95. Let f be p(20). Let r(w) = w**2 + 3*w + 5. Determine r(f).
15
Let k = 16 - 9. Let t(d) = 1980 - 3*d - 987 - 991 + 2*d. Determine t(k).
-5
Let j(a) = 5*a - 5. Let d = 21 - 18. Suppose -d - 1 = -i. Give j(i).
15
Let f = -16 + 18. Let j be f/11 - 12/66. Let o(x) be the second derivative of -x**3/6 + 3*x**2 - 2*x. Calculate o(j).
6
Suppose -5*m = -153 + 33. Suppose 0 = -5*d + 5*x, -2*d + 5*x = -5*d + m. Let p(v) = -2*v + 4*v - 3 - d*v + 5. Determine p(-4).
6
Suppose -9 = 4*y - 2*z - 1, -2*y - 3*z = -4. Let b(m) = -5538*m**3 + 11064*m**3 - m - 5533*m**3. Give b(y).
8
Let r(z) = 6 + 6*z + 0 - 5*z. Let m(q) = -1 - 2*q**2 - 1 + 1 + 0. Let k be m(1). Give r(k).
3
Let x(a) = -6*a + 7. Let s = -3 - 32. Let d(u) = -u + 1. Let p(k) = s*d(k) + 5*x(k). Determine p(1).
5
Let b be (32/(-112))/((-2)/28). Let i(k) = 2*k**2 - 6*k. Determine i(b).
8
Let d(k) = 6 - 3 - 4 + 5*k. Let l be d(1). Let x(g) = -7*g + 10. Let y(w) = -15*w + 21. Let h(f) = 9*x(f) - 4*y(f). Determine h(l).
-6
Let m(j) = 2*j - 10. Suppose -5*r + 31 = 3*b - b, 5*r - 4*b - 43 = 0. Let t = r + 1. Determine m(t).
6
Suppose -67 = w - 8. Let j = w - -55. Let o(q) = -q**3 - 5*q**2 - q. What is o(j)?
-12
Let a(d) = d**3 - 5*d**2 - 2*d - 5. Let k(p) = 48*p + 244. Let q be k(-5). Give a(q).
-29
Suppose r - 5*p = -27, 0*r - 13 = 4*r - p. Let w(c) = 473*c - 471*c - 18 - 11 - c**2 + 31. Determine w(r).
-6
Let p(t) = t**3 - t**2 - 3*t + 1. Suppose 0*v + 15 = 5*v. Let j(g) = -g**3 + 5*g**2 - 2*g. Let l be j(v). Suppose -3*s + l = s. Give p(s).
10
Let b(x) = 8*x - 32. Let f be b(4). Let z(t) be the third derivative of -1/6*t**4 - 2*t**2 - 1/30*t**5 + 1/120*t**6 + 0 + f*t - 1/6*t**3. Calculate z(4).
15
Let x(s) = 5 - 162*s + 81*s + 83*s. What is x(-10)?
-15
Let h(o) = o**2 + 3*o - 1. Let q(p) = -p**3 - 5*p**2 + 2*p + 6. Let b(i) = 2*h(i) - q(i). Calculate b(-6).
4
Let w(t) = 82 - 24 - 32 + t**2 + 3*t - 26. Determine w(3).
18
Suppose 4*x + 115 = b - 10, -3*b = 2*x + 73. Let v = 25 + x. Let r(l) = -2*l - 20. Let c be r(v). Let m(f) = -3*f - 5. Determine m(c).
13
Let p(d) = -7*d**2 - 21*d - 10. Let h be p(-2). Let o(r) = -6*r + 39. Calculate o(h).
15
Let u(v) = -v**2 + 2*v - 1. Let d = 32 - 27. Suppose 0 = 3*s - d*y - 3, 4*s + 3*y - 5 = -s. Determine u(s).
0
Let z(v) = -4*v**2 - v + 1. Suppose 35 = -3*j - 2*j. Suppose -o + 8 = -0. Let i = o + j. Calculate z(i).
-4
Let i(b) be the second derivative of b**4/12 